*h = h - 15. Let o(c) = c**2 + 9*c + 6. Let a(b) = -b - 1. Let q(g) = 2*a(g) + o(g). Determine q(h).
-6
Let v = 2 + -6. Let y = v - -3. Let u(h) = -5*h + 2. Let f(b) = -6*b + 3. Let n(c) = 2*f(c) - 3*u(c). Determine n(y).
-3
Let o = -2 + 2. Let i(n) = 0*n - 581*n**3 + 580*n**3 - 1 + 0*n. Determine i(o).
-1
Let y(b) = -b - 5. Let t(k) = -4*k - 14. Let q(v) = 4*t(v) - 11*y(v). Suppose -1 = -2*n + 1, -n + 9 = 4*w. Let s be -3 + -2 + 2 + w. Give q(s).
4
Let w be (-11 + 2 - -4)*(-1 - 0). Let u(y) = 3*y - 2. Give u(w).
13
Let f(t) = 3*t - 2. Let k be f(2). Suppose 4*d = 31 - 3. Suppose k*m = -3*u - 1, 2*m - d*m + 5*u = 45. Let w(r) = r**3 + 3*r**2 - 5*r - 3. What is w(m)?
1
Suppose -2*y - 34 = -3*k, -2*k - y - 29 = -5*k. Suppose -k = -2*r + 2. Let m(l) = l**3 - 6*l**2 + 5*l + 2. Calculate m(r).
2
Let r(p) be the first derivative of -p**3/3 + 5*p**2/2 - 4*p + 14. What is r(5)?
-4
Suppose 2*y - 3 = 1. Let o(h) = h + 11*h**y + 2*h + 0 + 8 - 12*h**2. Give o(6).
-10
Suppose -6 = 5*p - 8*p. Let d(r) = -r**2 + r - 1. Give d(p).
-3
Let o(n) be the first derivative of -4*n**2 + 3*n - 2 - 1/3*n**3. Calculate o(-6).
15
Let b(g) = -15*g - 12. Suppose 0 = 4*a - 2*p - 62, 2*p + 61 = 4*a + p. Suppose r = -2*r + a. Let s(u) = 8*u + 6. Let n(v) = r*b(v) + 9*s(v). Determine n(-4).
6
Let y(b) = b + 3. Let h(j) = -3*j + 6*j**2 + 4*j**2 - 5*j**2 - j**3. Let m be h(3). Suppose -4*f = -m*f - 5*x - 15, -11 = 3*f + x. Calculate y(f).
-1
Let m(p) = 4*p**2 - p - 2. Let n(o) = 2*o**2 - 1. Let a(g) = 2*m(g) - 5*n(g). Calculate a(1).
-3
Let j(v) = -2*v**3 + 2*v**2 + v. Let t be j(-1). Let l(f) = -2*f**t - 2 - 4*f - 5*f**2 + 10*f**2 - f + f**3. Give l(4).
-6
Suppose -f + 5*b = -0*f + 10, -3*f - 3*b = -24. Let x(y) = y**2 - 5*y - 4. Determine x(f).
-4
Let q(a) = a - 1. Let n = 5 + -3. Suppose -2*o + 2 = -2*r, -o + 3*r - 1 = n. Suppose -2*h + 2*p + 8 = 2*h, 0 = h - 3*p + o. Give q(h).
2
Let g(v) be the third derivative of -v**5/60 - v**4/4 - 7*v**3/6 - 7*v**2. Let x be g(-5). Let k(c) = -c - 2. What is k(x)?
0
Let s(b) = 4*b - 1. Let y be 1/4 + (-5)/4. Calculate s(y).
-5
Let c(f) = -f + 2. Suppose -3*u = -2*u. Suppose v + 3 = -i + 4, -4*v - 5*i + 7 = u. Give c(v).
4
Let p(r) be the first derivative of 5 - 3*r - 3/2*r**2. Calculate p(-2).
3
Let s(a) = -1. Let o(r) = -r**3 - 7*r**2 - 8*r - 1. Let p(c) = -o(c) - 3*s(c). Give p(-5).
14
Let h(g) be the third derivative of -3*g**4/8 - g**3/6 + 7*g**2. Let i be 3 + -5 - -2 - 1. Give h(i).
8
Let y(t) = t**2 - 2*t - 6*t + 1 + t. Let w be 4 - 114/27 - 130/(-18). Calculate y(w).
1
Let r(m) be the first derivative of -m**4/4 + m**3 - 2*m - 69. What is r(3)?
-2
Let t(i) = i**3 + 3*i**2 - 7*i + 2. Let c be -5*(-1 + -4)/(-5). What is t(c)?
-13
Let i(c) be the second derivative of -c**5/20 - 5*c**4/12 - c**3/2 + 3*c**2/2 + 2*c. Let m be 1/(-2)*(-1 - -7). Give i(m).
-6
Let i(u) = -u**2 - 3*u + 4. Suppose -10 = -3*b + 5. Suppose -b*n - 10 = -35. Suppose 0*o - n = o. Give i(o).
-6
Let o(w) be the second derivative of -7/12*w**4 + 0*w**3 + 2*w + 0 - 1/2*w**2. Determine o(-1).
-8
Let k = 2 + -7. Suppose 6*a - 2*a + 4 = 0, -3*y - 7 = a. Let h = k - y. Let q(b) = b**3 + 4*b**2 + 3*b + 1. Calculate q(h).
1
Suppose 3*b - 4 - 5 = 0. Let k(j) = -4 + 3*j**2 - b + 5 - 2*j**2 + 3*j. What is k(-4)?
2
Let v(a) = a**3 + 3*a**2 + a + 1. Let l be 4*(3/2 - 2). Let o be v(l). Let p(b) = 2*b**2 - 2 - o*b**2 + 6. Give p(3).
-5
Let y be 6/(-21) - (-148)/28. Let i(g) = -2 + 4*g - 3 - 3*g. Give i(y).
0
Let k(d) = -7*d + 2*d - 3*d**2 + 2*d**2. Let b be 4 + ((-16)/10)/(12/60). Give k(b).
4
Let a(g) = 1 + 3*g**3 - 6*g**3 - g**2 + g**3. Let v be 2/3 - 80/48. Give a(v).
2
Let l(k) be the third derivative of k**4/24 + k**2. Let z = -28 - -25. Determine l(z).
-3
Let a(v) = -v. Let w(z) = z**2 - 8*z + 6. Let h be w(6). Calculate a(h).
6
Suppose 0 - 1 = q. Let x = -14 + 16. Let v(i) = -2 + i**2 - x + 5 + i. Determine v(q).
1
Let u(z) be the third derivative of -z**6/30 - z**3/6 + 26*z**2. Determine u(1).
-5
Let x(k) = 21 - 11 - 10 + 2*k. Suppose -6 = -4*t + 10. What is x(t)?
8
Let l be (21/12 + -1)*4. Suppose 3*j - u - 14 = 0, -2*j + 5*u - 10 = -l*j. Let i(s) = s**2 - 4*s - 4. Calculate i(j).
1
Let y(x) = x + 21. Let q(d) = d + 14. Let t(g) = 8*q(g) - 5*y(g). Give t(-6).
-11
Let t = 19 - 17. Let v(a) = a**2 + 3*a - 2 + t + 1. What is v(-2)?
-1
Let g be 2/(-8) + (-11)/4. Let k(r) = -9*r + 11. Let n(t) = 5*t - 6. Let i(d) = g*k(d) - 5*n(d). Calculate i(2).
1
Let a(h) = h - 6. Let f be a(0). Let d(c) = -13*c + 6. Suppose 3*y - 5*y + 70 = 0. Let w(n) = -77*n + 35. Let x(z) = f*w(z) + y*d(z). Calculate x(-1).
-7
Let x(a) = a**2 + 2*a + 1. Let v(b) = 1. Let g(y) = v(y) + x(y). Let r = -4 - -7. Let n be (3/2)/(r/(-4)). What is g(n)?
2
Let m(j) = -j - 5. Suppose 0 = -2*z + 2, -2*w - 5*z + 30 = -7*w. Let d be m(w). Let s(k) = d + 6*k + 2 + k**2 + 4. Give s(-5).
1
Let m(u) = 4*u. Let l be m(-2). Let q = -13 - l. Let b(j) = 13*j - 14*j + 0 - 4 + 3. What is b(q)?
4
Let y be (-8)/(-52) - (-33)/39. Let u(m) = 4*m + 1. Give u(y).
5
Let f be (-6)/(-8) - (-1)/4. Suppose 2*o - 19 = -7. Let y(a) = a - 5. Let g(q) = -q + 4. Let n(d) = o*g(d) + 5*y(d). Determine n(f).
-2
Let p(z) = -z**3 + z - 3. Suppose -2*l - 3*d = -15, -4*d + 12 = -8. Determine p(l).
-3
Let q = 10 - 5. Suppose -5 - 3 = -4*g + 4*u, -2*u = q*g + 18. Let s(y) = -y**2 - 1. What is s(g)?
-5
Let t(x) be the third derivative of -x**6/120 - 7*x**5/60 - x**4/12 - 3*x**3/2 + x**2. What is t(-7)?
5
Let i(c) = 15*c**3 - 1 - 177*c + 178*c + 0 + c**2. Determine i(1).
16
Let c = -3 + 5. Let f = 7 + -5. Let r(s) = -6 + 3 + 4 - s**f. Determine r(c).
-3
Let l(k) = 15*k**3 - 10*k**3 - 7*k**3 - 1 - k. Let w be (3 - 6) + (-4)/(-2). Determine l(w).
2
Let y(s) = 4*s - 6. Let b = 5 - 1. Give y(b).
10
Let q be 120/21 + 4/14. Let f(i) = 7*i**2 - 7*i - 1. Let v(g) = -3*g**2 + 4*g. Let k(u) = -2*f(u) - 5*v(u). What is k(q)?
2
Let k(o) = -o - 5. Suppose 0 = -5*m - i - 0*i + 15, -m = i - 7. Suppose m*r = -3*r. Let g be k(r). Let p(y) = -y**2 - 5*y - 6. Determine p(g).
-6
Let b(y) = -2*y + 2. Suppose 0 = -2*s - l + 7, 2*l = 4*s - 2*s + 2. Suppose 2*v - 2 = s*u, 5*v + u - 10 = 7. What is b(v)?
-4
Let d = 8 - 3. Let b(i) = 2*i**2 + 12*i + 7. Let o(n) = -3*n**2 - 18*n - 11. Let k(g) = d*o(g) + 8*b(g). Determine k(-5).
-4
Let s(d) = -2*d - 3. Let r(h) = 3*h + 2. Let g(l) = -3*r(l) - 2*s(l). Give g(-1).
5
Let h(s) = 7*s**3 + s**2. Let u(j) be the first derivative of 3*j**3 - 1 - j + 0*j**2 + 1/4*j**4. Let b be u(-9). What is h(b)?
-6
Let b(p) = 2*p - 39. Let k be b(20). Let o(s) = 3*s**2 + s - 1. Determine o(k).
3
Let t(l) be the second derivative of l**3/6 - 2*l. Let z(p) = -p**2 - 7*p - 9. Let q be z(-6). Determine t(q).
-3
Suppose 0 = 4*w + x - 28, -2*x + 6*x + 2 = 3*w. Let h(d) = -2*d**2 - d + 5. Let n(g) = -1. Let r = -1 - -2. Let m(k) = r*h(k) + w*n(k). Give m(-2).
-7
Let y be (-4)/22 + (-8)/(-44). Let u(o) = -9 - o + y*o + 3*o - 4*o. Let j = 1 - 7. What is u(j)?
3
Let j = -6 + 8. Suppose 0 = -4*n - 3*t + 24, -5*n - j = -4*t - 1. Let r(z) = n*z - 6*z**2 - z - 2 - 3*z - 5*z - z**3. Calculate r(-5).
3
Let m(f) be the second derivative of -f**3/6 + f**2/2 - 2*f. Give m(3).
-2
Let i(c) = -c**2 + 3*c + 2. Let t = -3 + 5. Let p be (-39)/(-6) - 1/t. Let s be p*(2 + 8/(-6)). Calculate i(s).
-2
Suppose b - 4*k = 6*b + 50, 0 = -b - 2*k - 10. Let i be 34/b + 2/5. Let n(g) = 35*g - g**3 - 1 - 34*g - g**2 - 2*g**2. Give n(i).
-4
Let f(k) be the second derivative of -k + 0*k**3 + 1/20*k**5 + 1/2*k**2 - 1/2*k**4 + 0. Let j(w) = 5*w - 4. Let i be j(2). Determine f(i).
1
Let i(j) be the first derivative of j**4/4 + 5*j**3/3 - 4*j**2 - 6*j + 6. Suppose -2*v + 3*v = 6. Let f = v + -12. What is i(f)?
6
Let j(t) = -t**2 + 0*t**2 - 4*t**2. Suppose -3*p - y - 1 = 0, 0*p + 5*y - 11 = p. Let l be j(p). Let k(r) = -r**2 - 4*r + 5. Calculate k(l).
0
Let g(s) = 2*s**2 - 20*s - 3. Let c be g(10). Let v(x) be the third derivative of -x**6/120 - x**5/30 + x**4/6 + 2*x**3/3 - 2*x**2. Determine v(c).
1
Let s(d) = -9*d - 4. Let n(h) = -22*h - 10. Let j(c) = -5*n(c) + 12*s(c). What is j(3)?
8
Let h(m) = 0*m + m**3 + 5*m**2 - 4*m - m**2. Suppose 4*q - 84 = -0*q. Suppose 4*o + q = 1. Determine h(o).
-5
Let t(a) = -196*a + 195*a - 1 - a**2 - 3. Calculate t(0).
-4
Suppose 4*r = 5*b - 28, 17 = 2*